{"id":1198,"date":"2018-07-05T15:56:52","date_gmt":"2018-07-05T15:56:52","guid":{"rendered":"https:\/\/www.fastcar.cl\/tienda\/?post_type=product&#038;p=1198"},"modified":"2023-03-08T14:20:23","modified_gmt":"2023-03-08T14:20:23","slug":"espejo-con-camara-de-retroceso-citycar-sedan-instalado","status":"publish","type":"product","link":"https:\/\/www.fastcar.cl\/tienda\/producto\/espejo-con-camara-de-retroceso-citycar-sedan-instalado\/","title":{"rendered":"ESPEJO CON C\u00c1MARA DE RETROCESO CITYCAR \/ SEDAN INSTALADO"},"content":{"rendered":"<ul>\n<li>Se instala directamente sobre el espejo del veh\u00edculo.<\/li>\n<li>Encendido autom\u00e1tico de c\u00e1mara de retroceso.<\/li>\n<li>Monitor TFT 4.3&#8243; 480px RGB 272h<\/li>\n<li>Sistema de video: NTSC\/pal<\/li>\n<li>Fuente 12v<\/li>\n<\/ul>\n<p>Incluye:<\/p>\n<ul>\n<li>Espejo\/monitor<\/li>\n<li>Cable alimentaci\u00f3n<\/li>\n<li>C\u00e1mara de retroceso UC-804B<\/li>\n<\/ul>\n<p>&nbsp;<\/p>\n","protected":false},"excerpt":{"rendered":"<p>Se instala directamente sobre el espejo del veh\u00edculo. Encendido autom\u00e1tico de c\u00e1mara de retroceso. Monitor TFT 4.3&#8243; 480px RGB 272h Sistema de video: NTSC\/pal Fuente 12v Incluye: Espejo\/monitor Cable alimentaci\u00f3n C\u00e1mara de retroceso UC-804B &nbsp;<\/p>\n","protected":false},"featured_media":1322,"comment_status":"closed","ping_status":"closed","template":"","meta":[],"class_list":{"0":"post-1198","1":"product","2":"type-product","3":"status-publish","4":"has-post-thumbnail","6":"product_cat-copa-america-2019","7":"product_cat-sensores-y-camaras-de-retroceso","9":"first","10":"outofstock","11":"sale","12":"shipping-taxable","13":"purchasable","14":"product-type-simple"},"_links":{"self":[{"href":"https:\/\/www.fastcar.cl\/tienda\/wp-json\/wp\/v2\/product\/1198","targetHints":{"allow":["GET"]}}],"collection":[{"href":"https:\/\/www.fastcar.cl\/tienda\/wp-json\/wp\/v2\/product"}],"about":[{"href":"https:\/\/www.fastcar.cl\/tienda\/wp-json\/wp\/v2\/types\/product"}],"replies":[{"embeddable":true,"href":"https:\/\/www.fastcar.cl\/tienda\/wp-json\/wp\/v2\/comments?post=1198"}],"wp:featuredmedia":[{"embeddable":true,"href":"https:\/\/www.fastcar.cl\/tienda\/wp-json\/wp\/v2\/media\/1322"}],"wp:attachment":[{"href":"https:\/\/www.fastcar.cl\/tienda\/wp-json\/wp\/v2\/media?parent=1198"}],"curies":[{"name":"wp","href":"https:\/\/api.w.org\/{rel}","templated":true}]}}