{"id":2271,"date":"2020-11-09T05:02:02","date_gmt":"2020-11-09T05:02:02","guid":{"rendered":"https:\/\/www.fastcar.cl\/tienda\/?post_type=product&#038;p=2271"},"modified":"2021-02-18T20:03:32","modified_gmt":"2021-02-18T20:03:32","slug":"sanitizacion-aire-acondicionado-wurth-200ml","status":"publish","type":"product","link":"https:\/\/www.fastcar.cl\/tienda\/producto\/sanitizacion-aire-acondicionado-wurth-200ml\/","title":{"rendered":"SANITIZACI\u00d3N AIRE ACONDICIONADO WURTH 200ml"},"content":{"rendered":"<p>Se ha preguntado por qu\u00e9 cada vez que enciende el aire acondicionado de su veh\u00edculo sale un olor desagradable, incluso usted mismo comienza a estornudar o toser mucho m\u00e1s cuando se expone a este aire. La respuesta puede estar en que su sistema de aire acondicionado necesita urgente una desinfecci\u00f3n y una limpieza para evitar enfermedades respiratorias que empeoran su salud y la de su familia.<\/p>\n<p>El sistema de aire acondicionado funciona a temperaturas muy bajas se condensa la humedad ambiental, lo que sumado al polvo y la suciedad que filtra del aire, crean el ambiente perfecto para la reproducci\u00f3n de hongos y bacterias. Estos microbios son los responsables de provocar el mal olor y de poner en riesgo la salud de los ocupantes del autom\u00f3vil al tener que respirar este aire contaminado.<\/p>\n<p>La sanitizaci\u00f3n\u00a0 dura 25 minutos aprox y se recomienda repetirlo cada 12 meses.<\/p>\n","protected":false},"excerpt":{"rendered":"<p>Se ha preguntado por qu\u00e9 cada vez que enciende el aire acondicionado de su veh\u00edculo sale un olor desagradable, incluso usted mismo comienza a estornudar o toser mucho m\u00e1s cuando se expone a este aire. La respuesta puede estar en que su sistema de aire acondicionado necesita urgente una desinfecci\u00f3n y una limpieza para evitar [&hellip;]<\/p>\n","protected":false},"featured_media":2272,"comment_status":"closed","ping_status":"closed","template":"","meta":[],"class_list":{"0":"post-2271","1":"product","2":"type-product","3":"status-publish","4":"has-post-thumbnail","6":"product_cat-aire-acondicionado","8":"first","9":"outofstock","10":"sale","11":"shipping-taxable","12":"purchasable","13":"product-type-simple"},"_links":{"self":[{"href":"https:\/\/www.fastcar.cl\/tienda\/wp-json\/wp\/v2\/product\/2271","targetHints":{"allow":["GET"]}}],"collection":[{"href":"https:\/\/www.fastcar.cl\/tienda\/wp-json\/wp\/v2\/product"}],"about":[{"href":"https:\/\/www.fastcar.cl\/tienda\/wp-json\/wp\/v2\/types\/product"}],"replies":[{"embeddable":true,"href":"https:\/\/www.fastcar.cl\/tienda\/wp-json\/wp\/v2\/comments?post=2271"}],"wp:featuredmedia":[{"embeddable":true,"href":"https:\/\/www.fastcar.cl\/tienda\/wp-json\/wp\/v2\/media\/2272"}],"wp:attachment":[{"href":"https:\/\/www.fastcar.cl\/tienda\/wp-json\/wp\/v2\/media?parent=2271"}],"curies":[{"name":"wp","href":"https:\/\/api.w.org\/{rel}","templated":true}]}}