{"id":371,"date":"2017-08-30T18:43:51","date_gmt":"2017-08-30T18:43:51","guid":{"rendered":"https:\/\/www.fastcar.cl\/tienda\/?post_type=product&#038;p=371"},"modified":"2018-08-20T03:05:48","modified_gmt":"2018-08-20T03:05:48","slug":"repelente-para-roedores-convenio","status":"publish","type":"product","link":"https:\/\/www.fastcar.cl\/tienda\/producto\/repelente-para-roedores-convenio\/","title":{"rendered":"REPELENTE AUTOMOTRIZ PARA ROEDORES"},"content":{"rendered":"<p>Es un aerosol repelente para evitar da\u00f1os en piezas de caucho, pl\u00e1stico y otros en los autom\u00f3viles y hogares, causados por las mordidas de roedores. No es veneno, no da\u00f1a el medio ambiente.<\/p>\n","protected":false},"excerpt":{"rendered":"<p>Es un aerosol repelente para evitar da\u00f1os en piezas de caucho, pl\u00e1stico y otros en los autom\u00f3viles y hogares, causados por las mordidas de roedores. No es veneno, no da\u00f1a el medio ambiente.<\/p>\n","protected":false},"featured_media":372,"comment_status":"closed","ping_status":"closed","template":"","meta":[],"class_list":{"0":"post-371","1":"product","2":"type-product","3":"status-publish","4":"has-post-thumbnail","6":"product_cat-convenios","8":"first","9":"instock","10":"sale","11":"shipping-taxable","12":"purchasable","13":"product-type-simple"},"_links":{"self":[{"href":"https:\/\/www.fastcar.cl\/tienda\/wp-json\/wp\/v2\/product\/371","targetHints":{"allow":["GET"]}}],"collection":[{"href":"https:\/\/www.fastcar.cl\/tienda\/wp-json\/wp\/v2\/product"}],"about":[{"href":"https:\/\/www.fastcar.cl\/tienda\/wp-json\/wp\/v2\/types\/product"}],"replies":[{"embeddable":true,"href":"https:\/\/www.fastcar.cl\/tienda\/wp-json\/wp\/v2\/comments?post=371"}],"wp:featuredmedia":[{"embeddable":true,"href":"https:\/\/www.fastcar.cl\/tienda\/wp-json\/wp\/v2\/media\/372"}],"wp:attachment":[{"href":"https:\/\/www.fastcar.cl\/tienda\/wp-json\/wp\/v2\/media?parent=371"}],"curies":[{"name":"wp","href":"https:\/\/api.w.org\/{rel}","templated":true}]}}